435896 is divided by 215286?
5324
Calculate the remainder when 146265 is divided by 6963.
42
Calculate the remainder when 31969094 is divided by 88.
14
Calculate the remainder when 350096 is divided by 4306.
1310
What is the remainder when 3631990 is divided by 266?
26
What is the remainder when 30395656 is divided by 4035?
1
What is the remainder when 36229267 is divided by 18114617?
33
What is the remainder when 15196806 is divided by 34?
30
Calculate the remainder when 583905 is divided by 19463.
15
What is the remainder when 219236 is divided by 107516?
4204
What is the remainder when 12436149 is divided by 15074?
99
Calculate the remainder when 296749 is divided by 6761.
6026
Calculate the remainder when 662348 is divided by 1979.
1362
What is the remainder when 342936 is divided by 269?
230
Calculate the remainder when 1213738 is divided by 404572.
22
What is the remainder when 7805793 is divided by 49093?
6
What is the remainder when 385159 is divided by 566?
279
Calculate the remainder when 42336916 is divided by 44.
28
Calculate the remainder when 20923 is divided by 551.
536
Calculate the remainder when 956434 is divided by 239091.
70
Calculate the remainder when 590493 is divided by 589605.
888
Calculate the remainder when 96717 is divided by 362.
63
What is the remainder when 10577857 is divided by 177?
160
What is the remainder when 39638237 is divided by 148?
137
What is the remainder when 241379 is divided by 123?
53
Calculate the remainder when 27673881 is divided by 5121.
5118
Calculate the remainder when 2432902 is divided by 11.
10
What is the remainder when 212310 is divided by 53068?
38
Calculate the remainder when 165834 is divided by 7530.
174
Calculate the remainder when 5070144 is divided by 9303.
9
What is the remainder when 871622 is divided by 232?
230
What is the remainder when 26962 is divided by 6?
4
Calculate the remainder when 60348 is divided by 59130.
1218
Calculate the remainder when 487597 is divided by 174.
49
What is the remainder when 18242453 is divided by 566?
273
What is the remainder when 703807043 is divided by 2166?
2165
What is the remainder when 37083482 is divided by 83?
78
Calculate the remainder when 2511 is divided by 1249.
13
Calculate the remainder when 59185 is divided by 262.
235
What is the remainder when 477533 is divided by 3411?
3404
Calculate the remainder when 12675808 is divided by 1267572.
88
Calculate the remainder when 73639 is divided by 4602.
7
Calculate the remainder when 163992 is divided by 163826.
166
What is the remainder when 40883412 is divided by 272?
180
Calculate the remainder when 481956 is divided by 2917.
651
What is the remainder when 12070450 is divided by 16?
2
Calculate the remainder when 24989 is divided by 275.
239
Calculate the remainder when 850217 is divided by 55.
27
Calculate the remainder when 1216905 is divided by 3692.
2237
What is the remainder when 119085 is divided by 7?
1
Calculate the remainder when 943439 is divided by 4423.
1340
Calculate the remainder when 513234 is divided by 4760.
3914
What is the remainder when 66404762 is divided by 36?
26
Calculate the remainder when 2578670 is divided by 206.
168
Calculate the remainder when 2641523 is divided by 451.
16
What is the remainder when 11395 is divided by 9240?
2155
Calculate the remainder when 15323973 is divided by 1439.
62
What is the remainder when 46808 is divided by 1677?
1529
What is the remainder when 519701 is divided by 56?
21
What is the remainder when 60939734 is divided by 873?
842
What is the remainder when 183903218 is divided by 4715467?
5
What is the remainder when 2024807 is divided by 168724?
119
What is the remainder when 336718 is divided by 10843?
585
What is the remainder when 2275046 is divided by 472?
6
Calculate the remainder when 5193878 is divided by 45164.
18
Calculate the remainder when 66652 is divided by 16546.
468
What is the remainder when 50646 is divided by 6035?
2366
What is the remainder when 52583 is divided by 9509?
5038
Calculate the remainder when 112230 is divided by 3.
0
What is the remainder when 41968500 is divided by 922?
904
Calculate the remainder when 359755 is divided by 38.
9
Calculate the remainder when 849872 is divided by 5535.
3017
Calculate the remainder when 41616 is divided by 837.
603
Calculate the remainder when 321203 is divided by 361.
274
What is the remainder when 2053514 is divided by 169?
164
Calculate the remainder when 182505 is divided by 196.
29
Calculate the remainder when 21916692 is divided by 8632.
44
Calculate the remainder when 4595450 is divided by 164.
6
What is the remainder when 57339567 is divided by 836?
835
What is the remainder when 1023218 is divided by 273?
14
What is the remainder when 3894033 is divided by 1470?
3
Calculate the remainder when 176022721 is divided by 592669.
28
What is the remainder when 624133 is divided by 51805?
2473
What is the remainder when 22104658 is divided by 786?
766
Calculate the remainder when 9731 is divided by 1868.
391
What is the remainder when 1111815 is divided by 38?
11
Calculate the remainder when 108990 is divided by 13607.
134
What is the remainder when 24780126 is divided by 19091?
8
What is the remainder when 89883 is divided by 17598?
1893
What is the remainder when 15888119 is divided by 61?
59
Calculate the remainder when 683518 is divided by 178.
176
What is the remainder when 2613866 is divided by 37882?
8
Calculate the remainder when 96199 is divided by 87.
64
What is the remainder when 12031356 is divided by 33?
18
Calculate the remainder when 9292183 is divided by 74337.
58
Calculate the remainder when 1542605 is divided by 308519.
10
What is the remainder when 8945969 is divided by 328?
97
Calculate the remainder when 8551019 is divided by 1300.
919
Calculate the remainder when 38359877 is divided by 568.
565
What is the remainder when 32557620 is divided by 32953?
56
What is the remainder when 452335 is divided by 226059?
217
Calculate the remainder when 25286 is divided by 4935.
611
What is the remainder when 17824 is divided by 7881?
2062
Calculate the remainder when 587844 is divided by 1709.
1657
What is the remainder when 334657 is divided by 167317?
23
What is the remainder when 7279393 is divided by 302?
287
Calculate the remainder when 68836 is divided by 34319.
198
Calculate the remainder when 33759954 is divided by 2680.
2674
Calculate the remainder when 47639333 is divided by 147.
14
What is the remainder when 1117066 is divided by 58?
44
Calculate the remainder when 595662 is divided by 198547.
21
Calculate the remainder when 824248 is divided by 195.
178
What is the remainder when 169751 is divided by 169623?
128
Calculate the remainder when 1100021 is divided by 157123.
160
Calculate the remainder when 538545 is divided by 57.
9
Calculate the remainder when 1434984 is divided by 717489.
6
Calculate the remainder when 2362669 is divided by 62.
35
What is the remainder when 2605 is divided by 102?
55
What is the remainder when 2325661 is divided by 32?
29
Calculate the remainder when 238595105 is divided by 2711.
2706
What is the remainder when 7943198 is divided by 708?
146
Calculate the remainder when 9467549 is divided by 3206.
231
Calculate the remainder when 12534901 is divided by 889.
1
Calculate the remainder when 11365 is divided by 627.
79
What is the remainder when 2156614 is divided by 274?
234
Calculate the remainder when 81335367 is divided by 1848531.
3
What is the remainder when 25554749 is divided by 8518244?
17
What is the remainder when 551296 is divided by 137820?
16
Calculate the remainder when 6150311 is divided by 126.
125
Calculate the remainder when 19393355 is divided by 201.
71
Calculate the remainder when 9346378 is divided by 315.
13
What is the remainder when 377890 is divided by 2790?
1240
What is the remainder when 356121 is divided by 8672?
569
What is the remainder when 30356196 is divided by 81?
69
What is the remainder when 13386447 is divided by 825?
822
Calculate the remainder when 800113 is divided by 4726.
1419
Calculate the remainder when 29827 is divided by 1269.
640
Calculate the remainder when 194593 is divided by 19019.
4403
Calculate the remainder when 42527 is divided by 7612.
4467
What is th